n 5188 is divided by 74.
8
What is the remainder when 768 is divided by 77?
75
What is the remainder when 1847 is divided by 36?
11
What is the remainder when 2259 is divided by 32?
19
What is the remainder when 32 is divided by 17?
15
Calculate the remainder when 238 is divided by 61.
55
Calculate the remainder when 854 is divided by 57.
56
What is the remainder when 145 is divided by 33?
13
What is the remainder when 101 is divided by 22?
13
What is the remainder when 2923 is divided by 117?
115
What is the remainder when 299 is divided by 26?
13
What is the remainder when 187 is divided by 3?
1
What is the remainder when 139 is divided by 18?
13
What is the remainder when 126 is divided by 18?
0
Calculate the remainder when 290 is divided by 76.
62
What is the remainder when 316 is divided by 24?
4
What is the remainder when 91 is divided by 33?
25
What is the remainder when 1096 is divided by 13?
4
Calculate the remainder when 87 is divided by 39.
9
Calculate the remainder when 111 is divided by 55.
1
What is the remainder when 232 is divided by 26?
24
Calculate the remainder when 981 is divided by 17.
12
Calculate the remainder when 3629 is divided by 33.
32
What is the remainder when 801 is divided by 232?
105
Calculate the remainder when 75 is divided by 33.
9
Calculate the remainder when 634 is divided by 95.
64
Calculate the remainder when 32 is divided by 4.
0
What is the remainder when 1106 is divided by 12?
2
What is the remainder when 4797 is divided by 56?
37
Calculate the remainder when 1667 is divided by 830.
7
Calculate the remainder when 13142 is divided by 39.
38
What is the remainder when 5101 is divided by 22?
19
What is the remainder when 52 is divided by 44?
8
What is the remainder when 74 is divided by 56?
18
What is the remainder when 173 is divided by 160?
13
What is the remainder when 3699 is divided by 732?
39
What is the remainder when 97 is divided by 39?
19
What is the remainder when 9 is divided by 2?
1
Calculate the remainder when 1668 is divided by 508.
144
Calculate the remainder when 100 is divided by 53.
47
Calculate the remainder when 340 is divided by 78.
28
Calculate the remainder when 347 is divided by 13.
9
Calculate the remainder when 1129 is divided by 279.
13
Calculate the remainder when 14028 is divided by 230.
228
Calculate the remainder when 279 is divided by 10.
9
Calculate the remainder when 4881 is divided by 12.
9
What is the remainder when 116 is divided by 61?
55
Calculate the remainder when 389 is divided by 120.
29
Calculate the remainder when 220 is divided by 67.
19
Calculate the remainder when 6622 is divided by 662.
2
Calculate the remainder when 1394 is divided by 5.
4
What is the remainder when 93 is divided by 19?
17
Calculate the remainder when 308 is divided by 42.
14
Calculate the remainder when 15 is divided by 14.
1
Calculate the remainder when 25 is divided by 7.
4
Calculate the remainder when 11279 is divided by 60.
59
What is the remainder when 76 is divided by 11?
10
Calculate the remainder when 259 is divided by 53.
47
What is the remainder when 1150 is divided by 2?
0
Calculate the remainder when 150 is divided by 70.
10
What is the remainder when 1922 is divided by 637?
11
Calculate the remainder when 1671 is divided by 67.
63
What is the remainder when 279 is divided by 53?
14
What is the remainder when 1344 is divided by 21?
0
What is the remainder when 3181 is divided by 1052?
25
Calculate the remainder when 1100 is divided by 107.
30
Calculate the remainder when 77 is divided by 27.
23
Calculate the remainder when 1209 is divided by 238.
19
Calculate the remainder when 143 is divided by 51.
41
What is the remainder when 332 is divided by 332?
0
Calculate the remainder when 29158 is divided by 241.
238
What is the remainder when 788 is divided by 274?
240
Calculate the remainder when 502 is divided by 22.
18
What is the remainder when 122 is divided by 37?
11
What is the remainder when 818 is divided by 200?
18
What is the remainder when 74 is divided by 30?
14
Calculate the remainder when 10986 is divided by 27.
24
Calculate the remainder when 95 is divided by 24.
23
Calculate the remainder when 93 is divided by 29.
6
What is the remainder when 987 is divided by 76?
75
Calculate the remainder when 190 is divided by 44.
14
What is the remainder when 1019 is divided by 12?
11
What is the remainder when 272 is divided by 11?
8
What is the remainder when 2158 is divided by 144?
142
Calculate the remainder when 198 is divided by 194.
4
What is the remainder when 685 is divided by 89?
62
Calculate the remainder when 1547 is divided by 25.
22
Calculate the remainder when 566 is divided by 30.
26
What is the remainder when 51 is divided by 41?
10
Calculate the remainder when 3267 is divided by 30.
27
What is the remainder when 373 is divided by 94?
91
Calculate the remainder when 146 is divided by 10.
6
Calculate the remainder when 166009 is divided by 242.
239
Calculate the remainder when 141 is divided by 3.
0
What is the remainder when 742 is divided by 68?
62
What is the remainder when 102 is divided by 35?
32
Calculate the remainder when 449 is divided by 50.
49
Calculate the remainder when 566 is divided by 180.
26
Calculate the remainder when 36 is divided by 20.
16
What is the remainder when 4155 is divided by 126?
123
What is the remainder when 59 is divided by 10?
9
Calculate the remainder when 1239 is divided by 17.
15
Calculate the remainder when 93 is divided by 20.
13
Calculate the remainder when 187 is divided by 21.
19
What is the remainder when 237 is divided by 15?
12
What is the remainder when 71 is divided by 42?
29
Calculate the remainder when 432 is divided by 141.
9
Calculate the remainder when 164 is divided by 17.
11
What is the remainder when 2141 is divided by 18?
17
Calculate the remainder when 275 is divided by 45.
5
Calculate the remainder when 294 is divided by 27.
24
Calculate the remainder when 7469 is divided by 15.
14
Calculate the remainder when 151 is divided by 53.
45
Calculate the remainder when 648 is divided by 44.
32
What is the remainder when 109 is divided by 33?
10
Calculate the remainder when 323 is divided by 81.
80
What is the remainder when 1709 is divided by 45?
44
What is the remainder when 208 is divided by 42?
40
What is the remainder when 886 is divided by 24?
22
Calculate the remainder when 170 is divided by 7.
2
Calculate the remainder when 375 is divided by 28.
11
Calculate the remainder when 101 is divided by 5.
1
What is the remainder when 3236 is divided by 40?
36
What is the remainder when 167 is divided by 13?
11
Calculate the remainder when 319 is divided by 32.
31
What is the remainder when 268 is divided by 55?
48
Calculate the remainder when 2478 is divided by 73.
69
Calculate the remainder when 356 is divided by 15.
11
What is the remainder when 532 is divided by 41?
40
Calculate the remainder when 4193 is divided by 299.
7
What is the remainder when 3103 is divided by 620?
3
Calculate the remainder when 2180 is divided by 13.
9
What is the remainder when 411 is divided by 18?
15
Calculate the remainder when 2638 is divided by 1318.
2
Calculate the remainder when 914 is divided by 20.
14
What is the remainder when 1422 is divided by 19?
16
Calculate the remainder when 140 is divided by 71.
69
What is the remainder when 553 is divided by 15?
13
Calculate the remainder when 370 is divided by 368.
2
What is the remainder when 403 is divided by 37?
33
Calculate the remainder when 199 is divided by 62.
13
Calculate the remainder when 238 is divided by 11.
7
Calculate the remainder when 11 is divided by 1.
0
Calculate the remainder when 345 is divided by 39.
33
Calculate the remainder when 5295 is divided by 5294.
1
What is the remainder when 86 is divided by 26?
8
Calculate the remainder when 844 is divided by 65.
64
Calculate the remainder when 905 is divided by 12.
5
What is the remainder when 3937 is divided by 654?
13
What is the remainder when 161 is divided by 41?
38
Calculate the remainder when 120 is divided by 70.
50
Calculate the remainder when 4898 is divided by 104.
10
Calculate the remainder when 672 is divided by 113.
107
Calculate the remainder when 27646 is divided by 192.
190
What is the rem